{"id":7048,"date":"2020-08-13T20:12:32","date_gmt":"2020-08-13T20:12:32","guid":{"rendered":"http:\/\/nasmar.org\/?page_id=7048"},"modified":"2022-03-22T04:33:05","modified_gmt":"2022-03-22T04:33:05","slug":"vacantes","status":"publish","type":"page","link":"https:\/\/nasmar.org\/index.php\/vacantes\/","title":{"rendered":"Vacantes"},"content":{"rendered":"<div class=\"job_listings\" data-location=\"\" data-keywords=\"\" data-show_filters=\"false\" data-show_pagination=\"false\" data-per_page=\"12\" data-orderby=\"featured\" data-order=\"DESC\" data-categories=\"\" data-disable-form-state-storage=\"\" data-featured_first=\"false\" data-post_id=\"7506\" ><ul class=\"job_listings\">\n<li class=\"post-8152 job_listing type-job_listing status-expired has-post-thumbnail hentry job-type-temporary job_position_featured\" data-longitude=\"\" data-latitude=\"\">\n\t<a href=\"https:\/\/nasmar.org\/?post_type=job_listing&#038;p=8152\">\n\t\t<img decoding=\"async\" class=\"company_logo\" src=\"https:\/\/nasmar.org\/wp-content\/uploads\/2020\/03\/logo-150x150.png\" alt=\"\" \/>\t\t<div class=\"position\">\n\t\t\t<h3>Consultor\u00eda para Elaboraci\u00f3n, Socializaci\u00f3n y Aprobaci\u00f3n de Pol\u00edtica de C\u00f3digo de Conducta, \u00c9tica y Soborno de la Mancomunidad NASMAR<\/h3>\n\t\t\t<div class=\"company\">\n\t\t\t\t\t\t\t\t\t\t\t<\/div>\n\t\t<\/div>\n\t\t<div class=\"location\">\n\t\t\tSan Lorenzo, Valle\t\t<\/div>\n\t\t<ul class=\"meta\">\n\t\t\t\n\t\t\t\t\t\t\t\t\t\t\t\t\t\t\t\t<li class=\"job-type temporary\">Temporary<\/li>\n\t\t\t\t\t\t\t\n\t\t\t<li class=\"date\"><time datetime=\"2024-05-07\">Posted 2 years ago<\/time><\/li>\n\n\t\t\t\t\t<\/ul>\n\t<\/a>\n<\/li>\n<li class=\"post-7702 job_listing type-job_listing status-expired has-post-thumbnail hentry job-type-part-time job_position_featured\" data-longitude=\"\" data-latitude=\"\">\n\t<a href=\"https:\/\/nasmar.org\/?post_type=job_listing&#038;p=7702\">\n\t\t<img decoding=\"async\" class=\"company_logo\" src=\"https:\/\/nasmar.org\/wp-content\/uploads\/2020\/03\/logo-150x150.png\" alt=\"NASMAR\" \/>\t\t<div class=\"position\">\n\t\t\t<h3>T\u00e9rminos de referencia Programa de Seguridad Ciudadana Territorial<\/h3>\n\t\t\t<div class=\"company\">\n\t\t\t\t<strong>NASMAR<\/strong> \t\t\t\t\t\t\t<\/div>\n\t\t<\/div>\n\t\t<div class=\"location\">\n\t\t\tAnywhere\t\t<\/div>\n\t\t<ul class=\"meta\">\n\t\t\t\n\t\t\t\t\t\t\t\t\t\t\t\t\t\t\t\t<li class=\"job-type part-time\">Part Time<\/li>\n\t\t\t\t\t\t\t\n\t\t\t<li class=\"date\"><time datetime=\"2022-08-30\">Posted 4 years ago<\/time><\/li>\n\n\t\t\t\t\t<\/ul>\n\t<\/a>\n<\/li>\n<li class=\"post-7517 job_listing type-job_listing status-expired has-post-thumbnail hentry job-type-part-time job_position_featured\" data-longitude=\"\" data-latitude=\"\">\n\t<a href=\"https:\/\/nasmar.org\/?post_type=job_listing&#038;p=7517\">\n\t\t<img decoding=\"async\" class=\"company_logo\" src=\"https:\/\/nasmar.org\/wp-content\/uploads\/2020\/03\/res-1-150x150.png\" alt=\"\" \/>\t\t<div class=\"position\">\n\t\t\t<h3>TDR CONSULTORIA PARA LA ESTRUCTURACI\u00d3N A NIVEL DE PRE-FACTIBILIDAD DE PROYECTO DE ALIANZA P\u00daBLICO \u2013 PRIVADO PARA EL DESARROLLO \u2013APPD Y ACTUALIZACI\u00d3N DE ORDENANZA MUNICIPAL CON EL FIN ESTABLECER UN SISTEMA DE MANEJO INTEGRADO DE DESECHOS S\u00d3LIDOS PARA LA MANCOMUNIDAD DE MUNICIPIOS DEL SUR \u2013NASMAR-<\/h3>\n\t\t\t<div class=\"company\">\n\t\t\t\t\t\t\t\t\t\t\t<\/div>\n\t\t<\/div>\n\t\t<div class=\"location\">\n\t\t\tAnywhere\t\t<\/div>\n\t\t<ul class=\"meta\">\n\t\t\t\n\t\t\t\t\t\t\t\t\t\t\t\t\t\t\t\t<li class=\"job-type part-time\">Part Time<\/li>\n\t\t\t\t\t\t\t\n\t\t\t<li class=\"date\"><time datetime=\"2022-06-07\">Posted 4 years ago<\/time><\/li>\n\n\t\t\t\t\t<\/ul>\n\t<\/a>\n<\/li>\n<li class=\"post-7487 job_listing type-job_listing status-expired has-post-thumbnail hentry job-type-temporary job_position_featured\" data-longitude=\"\" data-latitude=\"\">\n\t<a href=\"https:\/\/nasmar.org\/?post_type=job_listing&#038;p=7487\">\n\t\t<img decoding=\"async\" class=\"company_logo\" src=\"https:\/\/nasmar.org\/wp-content\/uploads\/2020\/03\/res-150x126.png\" alt=\"\" \/>\t\t<div class=\"position\">\n\t\t\t<h3>TDR \u201cConsultor\u00eda para el Desarrollo e Implementaci\u00f3n de Estrategia de Mercadeo y Marcovia&#8221;<\/h3>\n\t\t\t<div class=\"company\">\n\t\t\t\t\t\t\t\t\t\t\t<\/div>\n\t\t<\/div>\n\t\t<div class=\"location\">\n\t\t\tAnywhere\t\t<\/div>\n\t\t<ul class=\"meta\">\n\t\t\t\n\t\t\t\t\t\t\t\t\t\t\t\t\t\t\t\t<li class=\"job-type temporary\">Temporary<\/li>\n\t\t\t\t\t\t\t\n\t\t\t<li class=\"date\"><time datetime=\"2022-04-09\">Posted 4 years ago<\/time><\/li>\n\n\t\t\t\t\t<\/ul>\n\t<\/a>\n<\/li>\n<li class=\"post-8077 job_listing type-job_listing status-expired has-post-thumbnail hentry job-type-temporary\" data-longitude=\"\" data-latitude=\"\">\n\t<a href=\"https:\/\/nasmar.org\/?post_type=job_listing&#038;p=8077\">\n\t\t<img decoding=\"async\" class=\"company_logo\" src=\"https:\/\/nasmar.org\/wp-content\/uploads\/2020\/03\/logo-150x150.png\" alt=\"\" \/>\t\t<div class=\"position\">\n\t\t\t<h3>Consultor\u00eda para Elaboraci\u00f3n de 3 Videos Promocionales del Proyecto ECOMAR, de la Mancomunidad NASMAR<\/h3>\n\t\t\t<div class=\"company\">\n\t\t\t\t\t\t\t\t\t\t\t<\/div>\n\t\t<\/div>\n\t\t<div class=\"location\">\n\t\t\tNasmar\t\t<\/div>\n\t\t<ul class=\"meta\">\n\t\t\t\n\t\t\t\t\t\t\t\t\t\t\t\t\t\t\t\t<li class=\"job-type temporary\">Temporary<\/li>\n\t\t\t\t\t\t\t\n\t\t\t<li class=\"date\"><time datetime=\"2024-04-05\">Posted 2 years ago<\/time><\/li>\n\n\t\t\t\t\t<\/ul>\n\t<\/a>\n<\/li>\n<li class=\"post-7997 job_listing type-job_listing status-expired has-post-thumbnail hentry job-type-temporary\" data-longitude=\"\" data-latitude=\"\">\n\t<a href=\"https:\/\/nasmar.org\/?post_type=job_listing&#038;p=7997\">\n\t\t<img decoding=\"async\" class=\"company_logo\" src=\"https:\/\/nasmar.org\/wp-content\/uploads\/2020\/03\/logo-150x150.png\" alt=\"\" \/>\t\t<div class=\"position\">\n\t\t\t<h3>Para la Contrataci\u00f3n de Coordinador T\u00e9cnico\/a en Gesti\u00f3n Integral del Recurso       H\u00eddrico de la Mancomunidad NASMAR<\/h3>\n\t\t\t<div class=\"company\">\n\t\t\t\t\t\t\t\t\t\t\t<\/div>\n\t\t<\/div>\n\t\t<div class=\"location\">\n\t\t\tGolfo de Fonseca\t\t<\/div>\n\t\t<ul class=\"meta\">\n\t\t\t\n\t\t\t\t\t\t\t\t\t\t\t\t\t\t\t\t<li class=\"job-type temporary\">Temporary<\/li>\n\t\t\t\t\t\t\t\n\t\t\t<li class=\"date\"><time datetime=\"2023-08-25\">Posted 3 years ago<\/time><\/li>\n\n\t\t\t\t\t<\/ul>\n\t<\/a>\n<\/li>\n<li class=\"post-7986 job_listing type-job_listing status-expired has-post-thumbnail hentry job-type-temporary\" data-longitude=\"\" data-latitude=\"\">\n\t<a href=\"https:\/\/nasmar.org\/?post_type=job_listing&#038;p=7986\">\n\t\t<img decoding=\"async\" class=\"company_logo\" src=\"https:\/\/nasmar.org\/wp-content\/uploads\/2020\/03\/logo-150x150.png\" alt=\"NASMAR\" \/>\t\t<div class=\"position\">\n\t\t\t<h3>Consultor\u00eda para el Fortalecimiento de Capacidades para el Desempe\u00f1o de los Organismos de Cuencas en el Territorio Gestionado por la Mancomunidad de Municipios del Sur (NASMAR)<\/h3>\n\t\t\t<div class=\"company\">\n\t\t\t\t<strong>NASMAR<\/strong> \t\t\t\t\t\t\t<\/div>\n\t\t<\/div>\n\t\t<div class=\"location\">\n\t\t\tNASMAR\t\t<\/div>\n\t\t<ul class=\"meta\">\n\t\t\t\n\t\t\t\t\t\t\t\t\t\t\t\t\t\t\t\t<li class=\"job-type temporary\">Temporary<\/li>\n\t\t\t\t\t\t\t\n\t\t\t<li class=\"date\"><time datetime=\"2023-07-26\">Posted 3 years ago<\/time><\/li>\n\n\t\t\t\t\t<\/ul>\n\t<\/a>\n<\/li>\n<li class=\"post-7983 job_listing type-job_listing status-expired has-post-thumbnail hentry job-type-temporary\" data-longitude=\"\" data-latitude=\"\">\n\t<a href=\"https:\/\/nasmar.org\/?post_type=job_listing&#038;p=7983\">\n\t\t<img decoding=\"async\" class=\"company_logo\" src=\"https:\/\/nasmar.org\/wp-content\/uploads\/2020\/03\/logo-150x150.png\" alt=\"NASMAR\" \/>\t\t<div class=\"position\">\n\t\t\t<h3>Contrataci\u00f3n de Coordinador T\u00e9cnico\/a en Gesti\u00f3n Integral del Recurso H\u00eddrico de la Mancomunidad NASMA<\/h3>\n\t\t\t<div class=\"company\">\n\t\t\t\t<strong>NASMAR<\/strong> \t\t\t\t\t\t\t<\/div>\n\t\t<\/div>\n\t\t<div class=\"location\">\n\t\t\tNASMAR\t\t<\/div>\n\t\t<ul class=\"meta\">\n\t\t\t\n\t\t\t\t\t\t\t\t\t\t\t\t\t\t\t\t<li class=\"job-type temporary\">Temporary<\/li>\n\t\t\t\t\t\t\t\n\t\t\t<li class=\"date\"><time datetime=\"2023-07-15\">Posted 3 years ago<\/time><\/li>\n\n\t\t\t\t\t<\/ul>\n\t<\/a>\n<\/li>\n<li class=\"post-7981 job_listing type-job_listing status-expired has-post-thumbnail hentry job-type-temporary\" data-longitude=\"\" data-latitude=\"\">\n\t<a href=\"https:\/\/nasmar.org\/?post_type=job_listing&#038;p=7981\">\n\t\t<img decoding=\"async\" class=\"company_logo\" src=\"https:\/\/nasmar.org\/wp-content\/uploads\/2020\/03\/logo-150x150.png\" alt=\"NASMAR\" \/>\t\t<div class=\"position\">\n\t\t\t<h3>Consultor\u00eda Elaboraci\u00f3n de Plan Estrat\u00e9gico del Comit\u00e9 de Prevenci\u00f3n de la Violencia en la Mancomunidad NASMAR<\/h3>\n\t\t\t<div class=\"company\">\n\t\t\t\t<strong>NASMAR<\/strong> \t\t\t\t\t\t\t<\/div>\n\t\t<\/div>\n\t\t<div class=\"location\">\n\t\t\tNASMAR\t\t<\/div>\n\t\t<ul class=\"meta\">\n\t\t\t\n\t\t\t\t\t\t\t\t\t\t\t\t\t\t\t\t<li class=\"job-type temporary\">Temporary<\/li>\n\t\t\t\t\t\t\t\n\t\t\t<li class=\"date\"><time datetime=\"2023-07-15\">Posted 3 years ago<\/time><\/li>\n\n\t\t\t\t\t<\/ul>\n\t<\/a>\n<\/li>\n<li class=\"post-7978 job_listing type-job_listing status-expired has-post-thumbnail hentry job-type-part-time\" data-longitude=\"\" data-latitude=\"\">\n\t<a href=\"https:\/\/nasmar.org\/?post_type=job_listing&#038;p=7978\">\n\t\t<img decoding=\"async\" class=\"company_logo\" src=\"https:\/\/nasmar.org\/wp-content\/uploads\/2020\/03\/logo-150x150.png\" alt=\"NASMAR\" \/>\t\t<div class=\"position\">\n\t\t\t<h3>TDR Programa de Seguridad Ciudadana Territorial<\/h3>\n\t\t\t<div class=\"company\">\n\t\t\t\t<strong>NASMAR<\/strong> \t\t\t\t\t\t\t<\/div>\n\t\t<\/div>\n\t\t<div class=\"location\">\n\t\t\tSan Lorenzo, Valle\t\t<\/div>\n\t\t<ul class=\"meta\">\n\t\t\t\n\t\t\t\t\t\t\t\t\t\t\t\t\t\t\t\t<li class=\"job-type part-time\">Part Time<\/li>\n\t\t\t\t\t\t\t\n\t\t\t<li class=\"date\"><time datetime=\"2023-07-03\">Posted 3 years ago<\/time><\/li>\n\n\t\t\t\t\t<\/ul>\n\t<\/a>\n<\/li>\n<li class=\"post-7748 job_listing type-job_listing status-expired has-post-thumbnail hentry job-type-part-time\" data-longitude=\"\" data-latitude=\"\">\n\t<a href=\"https:\/\/nasmar.org\/?post_type=job_listing&#038;p=7748\">\n\t\t<img decoding=\"async\" class=\"company_logo\" src=\"https:\/\/nasmar.org\/wp-content\/uploads\/2020\/03\/logo-150x150.png\" alt=\"\" \/>\t\t<div class=\"position\">\n\t\t\t<h3>T\u00e9rminos de referencia Programa de Seguridad Ciudadana Territorial<\/h3>\n\t\t\t<div class=\"company\">\n\t\t\t\t\t\t\t\t\t\t\t<\/div>\n\t\t<\/div>\n\t\t<div class=\"location\">\n\t\t\tAnywhere\t\t<\/div>\n\t\t<ul class=\"meta\">\n\t\t\t\n\t\t\t\t\t\t\t\t\t\t\t\t\t\t\t\t<li class=\"job-type part-time\">Part Time<\/li>\n\t\t\t\t\t\t\t\n\t\t\t<li class=\"date\"><time datetime=\"2022-09-13\">Posted 4 years ago<\/time><\/li>\n\n\t\t\t\t\t<\/ul>\n\t<\/a>\n<\/li>\n<li class=\"post-7506 job_listing type-job_listing status-expired has-post-thumbnail hentry job-type-temporary\" data-longitude=\"\" data-latitude=\"\">\n\t<a href=\"https:\/\/nasmar.org\/?post_type=job_listing&#038;p=7506\">\n\t\t<img decoding=\"async\" class=\"company_logo\" src=\"https:\/\/nasmar.org\/wp-content\/uploads\/2020\/03\/res-1-150x150.png\" alt=\"\" \/>\t\t<div class=\"position\">\n\t\t\t<h3>TDR: &#8220;Consultor\u00eda para la Implementaci\u00f3n de Emprendimientos y Asistencia T\u00e9cnica en familias Productoras de la Cadena de Mara\u00f1\u00f3n.&#8221;<\/h3>\n\t\t\t<div class=\"company\">\n\t\t\t\t\t\t\t\t\t\t\t<\/div>\n\t\t<\/div>\n\t\t<div class=\"location\">\n\t\t\tAnywhere\t\t<\/div>\n\t\t<ul class=\"meta\">\n\t\t\t\n\t\t\t\t\t\t\t\t\t\t\t\t\t\t\t\t<li class=\"job-type temporary\">Temporary<\/li>\n\t\t\t\t\t\t\t\n\t\t\t<li class=\"date\"><time datetime=\"2022-04-10\">Posted 4 years ago<\/time><\/li>\n\n\t\t\t\t\t<\/ul>\n\t<\/a>\n<\/li>\n<\/ul>\n<a class=\"load_more_jobs\" href=\"#\"><strong>Load more listings<\/strong><\/a><\/div>\n","protected":false},"excerpt":{"rendered":"","protected":false},"author":1,"featured_media":0,"parent":0,"menu_order":0,"comment_status":"closed","ping_status":"closed","template":"","meta":{"footnotes":""},"class_list":["post-7048","page","type-page","status-publish","hentry"],"_links":{"self":[{"href":"https:\/\/nasmar.org\/index.php\/wp-json\/wp\/v2\/pages\/7048"}],"collection":[{"href":"https:\/\/nasmar.org\/index.php\/wp-json\/wp\/v2\/pages"}],"about":[{"href":"https:\/\/nasmar.org\/index.php\/wp-json\/wp\/v2\/types\/page"}],"author":[{"embeddable":true,"href":"https:\/\/nasmar.org\/index.php\/wp-json\/wp\/v2\/users\/1"}],"replies":[{"embeddable":true,"href":"https:\/\/nasmar.org\/index.php\/wp-json\/wp\/v2\/comments?post=7048"}],"version-history":[{"count":5,"href":"https:\/\/nasmar.org\/index.php\/wp-json\/wp\/v2\/pages\/7048\/revisions"}],"predecessor-version":[{"id":7485,"href":"https:\/\/nasmar.org\/index.php\/wp-json\/wp\/v2\/pages\/7048\/revisions\/7485"}],"wp:attachment":[{"href":"https:\/\/nasmar.org\/index.php\/wp-json\/wp\/v2\/media?parent=7048"}],"curies":[{"name":"wp","href":"https:\/\/api.w.org\/{rel}","templated":true}]}}